73053?
41
What is the highest common divisor of 2163 and 129864?
21
Calculate the highest common factor of 12 and 279195036.
12
What is the highest common factor of 262068200 and 4880?
2440
What is the greatest common divisor of 135871 and 14027?
83
What is the greatest common factor of 26498913 and 2472?
309
What is the greatest common divisor of 642188 and 2213952?
3548
What is the greatest common divisor of 392568 and 81048?
264
What is the greatest common factor of 189 and 23711499?
63
What is the highest common factor of 531 and 686217849?
177
Calculate the highest common divisor of 14 and 408779798.
14
What is the highest common divisor of 366 and 29893782?
366
What is the greatest common divisor of 1551 and 42044367?
141
Calculate the highest common divisor of 20722 and 984412.
26
Calculate the greatest common divisor of 141 and 3153841.
47
Calculate the greatest common divisor of 535215 and 5340.
15
Calculate the highest common divisor of 100385 and 31195.
85
What is the highest common divisor of 6407238 and 158922?
654
What is the highest common factor of 46410 and 4021290?
2730
What is the highest common factor of 49226703 and 1233?
411
Calculate the greatest common divisor of 456 and 482961608.
152
What is the highest common factor of 10970488 and 3031?
433
Calculate the highest common divisor of 202 and 14546929.
101
What is the greatest common factor of 795596270 and 35?
35
Calculate the greatest common factor of 375 and 4166100.
75
Calculate the highest common factor of 27296034 and 199.
199
Calculate the highest common factor of 216075 and 107535.
1005
Calculate the greatest common divisor of 603 and 627327633.
201
What is the greatest common factor of 1125 and 1282104?
9
Calculate the greatest common divisor of 50199669 and 11583.
1053
What is the highest common divisor of 60 and 11823570?
30
Calculate the highest common divisor of 8132125 and 139025.
1675
What is the highest common divisor of 392 and 316253560?
56
Calculate the greatest common divisor of 33 and 12883299.
33
Calculate the greatest common factor of 815 and 344762115.
815
What is the greatest common divisor of 77456 and 12718852?
412
Calculate the highest common divisor of 1905118989 and 6155.
1231
Calculate the greatest common divisor of 76 and 6510084.
76
What is the greatest common factor of 134868 and 354?
6
Calculate the highest common divisor of 13240749 and 6.
3
What is the greatest common divisor of 1591 and 343581223?
1591
What is the greatest common divisor of 29459805 and 56235?
2445
What is the highest common divisor of 66495512 and 370?
74
Calculate the greatest common divisor of 2770956 and 3996.
108
Calculate the greatest common factor of 113016 and 753994.
554
What is the greatest common factor of 1039692 and 1127?
23
What is the highest common factor of 1173 and 1167851703?
1173
What is the greatest common divisor of 39290545 and 14?
7
What is the highest common factor of 202606435 and 10?
5
What is the highest common divisor of 516 and 12659802?
258
What is the highest common divisor of 156744443 and 857?
857
What is the highest common divisor of 479720 and 63208480?
7160
Calculate the highest common factor of 35351602 and 884.
442
What is the highest common divisor of 1972430554 and 43?
43
What is the greatest common divisor of 82262517 and 7443?
2481
What is the highest common factor of 5607 and 171244633?
623
Calculate the greatest common factor of 35 and 1997682085.
35
What is the greatest common divisor of 3949865 and 63240?
2635
Calculate the highest common divisor of 1278284 and 252.
28
Calculate the highest common divisor of 24968140 and 60.
20
What is the greatest common factor of 1215 and 775305?
135
What is the highest common divisor of 79992 and 63125?
101
Calculate the highest common divisor of 36925 and 2150050.
175
Calculate the greatest common factor of 139885 and 470.
5
Calculate the highest common divisor of 309096 and 47276.
212
What is the highest common divisor of 5 and 155195?
5
What is the greatest common divisor of 99139945 and 61?
61
What is the highest common factor of 5544 and 266199472?
616
What is the highest common divisor of 17627339 and 3?
1
What is the highest common divisor of 274222440 and 12?
12
Calculate the highest common factor of 6346048 and 32.
32
Calculate the highest common divisor of 16327517 and 90225.
401
Calculate the highest common divisor of 35952725 and 75.
25
Calculate the highest common factor of 24934 and 4466748.
3562
What is the highest common divisor of 48 and 20945312?
16
What is the highest common divisor of 9073520 and 29?
29
Calculate the highest common divisor of 205 and 5288600455.
205
Calculate the highest common divisor of 71599 and 319.
11
What is the greatest common divisor of 6214 and 1663679?
239
Calculate the highest common divisor of 21088 and 7088.
16
Calculate the greatest common divisor of 58812 and 33843.
87
Calculate the highest common factor of 2904 and 1685409.
363
Calculate the highest common factor of 136 and 4628420.
68
What is the greatest common divisor of 2552 and 460955?
319
What is the highest common divisor of 83832 and 54550680?
11976
Calculate the highest common divisor of 228997 and 11205.
83
What is the highest common factor of 7708072 and 39976?
152
Calculate the greatest common factor of 850591 and 6321.
49
Calculate the greatest common divisor of 13175 and 8856235.
2635
Calculate the greatest common divisor of 231655 and 31565.
535
What is the highest common divisor of 38404106 and 52?
26
What is the highest common divisor of 2244750 and 120?
30
Calculate the highest common factor of 35916 and 804168.
876
What is the highest common divisor of 15832964 and 1988?
28
What is the highest common factor of 5075 and 524900?
725
What is the greatest common factor of 269621720 and 24?
8
Calculate the highest common factor of 892 and 1200054430.
446
Calculate the greatest common factor of 872 and 46199432.
872
What is the highest common factor of 622859 and 11259?
139
Calculate the highest common factor of 766217843 and 227.
227
Calculate the greatest common factor of 1118051834 and 4476.
746
Calculate the highest common divisor of 670 and 331070.
10
What is the highest common factor of 863328 and 27744?
1632
Calculate the greatest common divisor of 99 and 2724417.
9
Calculate the highest common factor of 161 and 151297979.
161
What is the greatest common factor of 3694592 and 368?
16
Calculate the greatest common divisor of 329345413 and 73.
73
Calculate the highest common divisor of 1386633 and 48018.
453
What is the highest common factor of 102150 and 13812723?
2043
What is the highest common divisor of 1640 and 1107?
41
What is the greatest common factor of 255904 and 162121?
727
What is the highest common factor of 378226927 and 1495?
299
What is the highest common divisor of 1462780 and 55808?
436
Calculate the highest common divisor of 3248 and 21239281.
203
Calculate the highest common factor of 222368 and 1312.
32
What is the greatest common divisor of 1740 and 33312?
12
What is the greatest common divisor of 5551816 and 92192?
344
What is the highest common divisor of 24 and 161353232?
8
Calculate the greatest common factor of 1596 and 128805579.
399
Calculate the greatest common factor of 33909 and 56007.
381
What is the highest common factor of 270524771 and 5709?
1903
Calculate the highest common divisor of 54510 and 676635.
1185
Calculate the highest common factor of 167660 and 39073163.
8383
Calculate the highest common factor of 274490388 and 144.
36
Calculate the highest common divisor of 112727 and 4313.
19
What is the greatest common divisor of 486 and 387288054?
486
Calculate the greatest common divisor of 12593 and 2392927.
257
What is the greatest common factor of 144218877 and 6495?
1299
What is the highest common factor of 9062 and 451099?
23
What is the greatest common divisor of 306 and 62619330?
102
Calculate the highest common divisor of 120535325 and 50.
25
What is the greatest common divisor of 103878 and 8434416?
1194
What is the highest common divisor of 8 and 498304?
8
What is the highest common factor of 25829672 and 40139?
451
Calculate the highest common divisor of 53 and 957902761.
53
Calculate the greatest common factor o